[INFO] cloning repository https://github.com/chloekek/yuk-old
[INFO] running `Command { std: "git" "-c" "credential.helper=" "-c" "credential.helper=/workspace/cargo-home/bin/git-credential-null" "clone" "--bare" "https://github.com/chloekek/yuk-old" "/workspace/cache/git-repos/https%3A%2F%2Fgithub.com%2Fchloekek%2Fyuk-old", kill_on_drop: false }`
[INFO] [stderr] Cloning into bare repository '/workspace/cache/git-repos/https%3A%2F%2Fgithub.com%2Fchloekek%2Fyuk-old'...
[INFO] running `Command { std: "git" "rev-parse" "HEAD", kill_on_drop: false }`
[INFO] [stdout] 7dcd5c84143e0d4af056ebd42bd867be6cd5bd04
[INFO] checking chloekek/yuk-old against try#72f88fc4e9458f89516a0b8b0868f3718aec5b47 for pr-74989
[INFO] running `Command { std: "git" "clone" "/workspace/cache/git-repos/https%3A%2F%2Fgithub.com%2Fchloekek%2Fyuk-old" "/workspace/builds/worker-4/source", kill_on_drop: false }`
[INFO] [stderr] Cloning into '/workspace/builds/worker-4/source'...
[INFO] [stderr] done.
[INFO] validating manifest of git repo https://github.com/chloekek/yuk-old on toolchain 72f88fc4e9458f89516a0b8b0868f3718aec5b47
[INFO] running `Command { std: "/workspace/cargo-home/bin/cargo" "+72f88fc4e9458f89516a0b8b0868f3718aec5b47" "read-manifest" "--manifest-path" "Cargo.toml", kill_on_drop: false }`
[INFO] started tweaking git repo https://github.com/chloekek/yuk-old
[INFO] finished tweaking git repo https://github.com/chloekek/yuk-old
[INFO] tweaked toml for git repo https://github.com/chloekek/yuk-old written to /workspace/builds/worker-4/source/Cargo.toml
[INFO] crate git repo https://github.com/chloekek/yuk-old already has a lockfile, it will not be regenerated
[INFO] running `Command { std: "/workspace/cargo-home/bin/cargo" "+72f88fc4e9458f89516a0b8b0868f3718aec5b47" "fetch" "--locked" "--manifest-path" "Cargo.toml", kill_on_drop: false }`
[INFO] [stderr]  Downloading crates ...
[INFO] [stderr]   Downloaded num_cpus v1.11.1
[INFO] [stderr]   Downloaded futures-executor v0.3.1
[INFO] [stderr]   Downloaded futures-channel v0.3.1
[INFO] [stderr]   Downloaded futures-core v0.3.1
[INFO] [stderr]   Downloaded futures-util v0.3.1
[INFO] [stderr]   Downloaded futures-io v0.3.1
[INFO] [stderr]   Downloaded futures-sink v0.3.1
[INFO] [stderr]   Downloaded futures-task v0.3.1
[INFO] [stderr]   Downloaded futures v0.3.1
[INFO] [stderr]   Downloaded futures-macro v0.3.1
[INFO] running `Command { std: "docker" "create" "-v" "/var/lib/crater-agent-workspace/builds/worker-4/target:/opt/rustwide/target:rw,Z" "-v" "/var/lib/crater-agent-workspace/builds/worker-4/source:/opt/rustwide/workdir:ro,Z" "-v" "/var/lib/crater-agent-workspace/cargo-home:/opt/rustwide/cargo-home:ro,Z" "-v" "/var/lib/crater-agent-workspace/rustup-home:/opt/rustwide/rustup-home:ro,Z" "-e" "SOURCE_DIR=/opt/rustwide/workdir" "-e" "CARGO_TARGET_DIR=/opt/rustwide/target" "-e" "CARGO_HOME=/opt/rustwide/cargo-home" "-e" "RUSTUP_HOME=/opt/rustwide/rustup-home" "-w" "/opt/rustwide/workdir" "-m" "1610612736" "--user" "0:0" "--network" "none" "rustops/crates-build-env@sha256:d92eaeed33fa75130ca1ee6c8a01d1ffb62bac859dfdfb3450e3e5d1c0146529" "/opt/rustwide/cargo-home/bin/cargo" "+72f88fc4e9458f89516a0b8b0868f3718aec5b47" "metadata" "--no-deps" "--format-version=1", kill_on_drop: false }`
[INFO] [stdout] c450de16a8da86348c46d4a2b432ec316c34ac710f6f87f9bf43e433b40c3241
[INFO] [stderr] WARNING: Your kernel does not support swap limit capabilities or the cgroup is not mounted. Memory limited without swap.
[INFO] running `Command { std: "docker" "start" "-a" "c450de16a8da86348c46d4a2b432ec316c34ac710f6f87f9bf43e433b40c3241", kill_on_drop: false }`
[INFO] running `Command { std: "docker" "inspect" "c450de16a8da86348c46d4a2b432ec316c34ac710f6f87f9bf43e433b40c3241", kill_on_drop: false }`
[INFO] running `Command { std: "docker" "rm" "-f" "c450de16a8da86348c46d4a2b432ec316c34ac710f6f87f9bf43e433b40c3241", kill_on_drop: false }`
[INFO] [stdout] c450de16a8da86348c46d4a2b432ec316c34ac710f6f87f9bf43e433b40c3241
[INFO] running `Command { std: "docker" "create" "-v" "/var/lib/crater-agent-workspace/builds/worker-4/target:/opt/rustwide/target:rw,Z" "-v" "/var/lib/crater-agent-workspace/builds/worker-4/source:/opt/rustwide/workdir:ro,Z" "-v" "/var/lib/crater-agent-workspace/cargo-home:/opt/rustwide/cargo-home:ro,Z" "-v" "/var/lib/crater-agent-workspace/rustup-home:/opt/rustwide/rustup-home:ro,Z" "-e" "SOURCE_DIR=/opt/rustwide/workdir" "-e" "CARGO_TARGET_DIR=/opt/rustwide/target" "-e" "CARGO_INCREMENTAL=0" "-e" "RUST_BACKTRACE=full" "-e" "RUSTFLAGS=--cap-lints=forbid" "-e" "CARGO_HOME=/opt/rustwide/cargo-home" "-e" "RUSTUP_HOME=/opt/rustwide/rustup-home" "-w" "/opt/rustwide/workdir" "-m" "1610612736" "--user" "0:0" "--network" "none" "rustops/crates-build-env@sha256:d92eaeed33fa75130ca1ee6c8a01d1ffb62bac859dfdfb3450e3e5d1c0146529" "/opt/rustwide/cargo-home/bin/cargo" "+72f88fc4e9458f89516a0b8b0868f3718aec5b47" "check" "--frozen" "--all" "--all-targets" "--message-format=json", kill_on_drop: false }`
[INFO] [stdout] c25fb5911aa3a0391c1a21f637d397f357db038a12661126168dbff469a63105
[INFO] [stderr] WARNING: Your kernel does not support swap limit capabilities or the cgroup is not mounted. Memory limited without swap.
[INFO] running `Command { std: "docker" "start" "-a" "c25fb5911aa3a0391c1a21f637d397f357db038a12661126168dbff469a63105", kill_on_drop: false }`
[INFO] [stderr]    Compiling proc-macro2 v1.0.7
[INFO] [stderr]    Compiling unicode-xid v0.2.0
[INFO] [stderr]    Compiling syn v1.0.13
[INFO] [stderr]    Compiling proc-macro-nested v0.1.3
[INFO] [stderr]    Compiling libc v0.2.66
[INFO] [stderr]     Checking futures-core v0.3.1
[INFO] [stderr]     Checking futures-sink v0.3.1
[INFO] [stderr]     Checking futures-task v0.3.1
[INFO] [stderr]     Checking pin-utils v0.1.0-alpha.4
[INFO] [stderr]     Checking futures-io v0.3.1
[INFO] [stderr]     Checking slab v0.4.2
[INFO] [stderr]     Checking memchr v2.2.1
[INFO] [stderr]     Checking futures-channel v0.3.1
[INFO] [stderr]    Compiling quote v1.0.2
[INFO] [stderr]     Checking num_cpus v1.11.1
[INFO] [stderr]    Compiling proc-macro-hack v0.5.11
[INFO] [stderr]    Compiling futures-macro v0.3.1
[INFO] [stderr]     Checking futures-util v0.3.1
[INFO] [stderr]     Checking futures-executor v0.3.1
[INFO] [stderr]     Checking futures v0.3.1
[INFO] [stderr]     Checking yuk v0.0.0 (/opt/rustwide/workdir)
[INFO] [stdout] error[E0599]: no method named `request_read` found for struct `Dispatcher` in the current scope
[INFO] [stdout]   --> src/io/raw_fd.rs:48:30
[INFO] [stdout]    |
[INFO] [stdout] 48 |                 match self.d.request_read(fd, cx.waker().clone()) {
[INFO] [stdout]    |                              ^^^^^^^^^^^^ method not found in `Dispatcher`
[INFO] [stdout]    | 
[INFO] [stdout]   ::: src/io/dispatch.rs:26:1
[INFO] [stdout]    |
[INFO] [stdout] 26 | pub struct Dispatcher
[INFO] [stdout]    | --------------------- method `request_read` not found for this
[INFO] [stdout] 
[INFO] [stdout] 
[INFO] [stdout] error: aborting due to previous error
[INFO] [stdout] 
[INFO] [stdout] 
[INFO] [stdout] For more information about this error, try `rustc --explain E0599`.
[INFO] [stdout] 
[INFO] [stdout] error[E0599]: no method named `request_read` found for struct `Dispatcher` in the current scope
[INFO] [stdout]   --> src/io/raw_fd.rs:48:30
[INFO] [stdout]    |
[INFO] [stdout] 48 |                 match self.d.request_read(fd, cx.waker().clone()) {
[INFO] [stdout]    |                              ^^^^^^^^^^^^ method not found in `Dispatcher`
[INFO] [stdout]    | 
[INFO] [stdout]   ::: src/io/dispatch.rs:26:1
[INFO] [stdout]    |
[INFO] [stdout] 26 | pub struct Dispatcher
[INFO] [stdout]    | --------------------- method `request_read` not found for this
[INFO] [stdout] 
[INFO] [stdout] 
[INFO] [stdout] error: aborting due to previous error
[INFO] [stdout] 
[INFO] [stdout] 
[INFO] [stdout] For more information about this error, try `rustc --explain E0599`.
[INFO] [stdout] 
[INFO] [stderr] error: could not compile `yuk`.
[INFO] [stderr] 
[INFO] [stderr] To learn more, run the command again with --verbose.
[INFO] [stderr] warning: build failed, waiting for other jobs to finish...
[INFO] [stdout] error[E0599]: no method named `request_read` found for struct `Dispatcher` in the current scope
[INFO] [stdout]   --> src/io/raw_fd.rs:48:30
[INFO] [stdout]    |
[INFO] [stdout] 48 |                 match self.d.request_read(fd, cx.waker().clone()) {
[INFO] [stdout]    |                              ^^^^^^^^^^^^ method not found in `Dispatcher`
[INFO] [stdout]    | 
[INFO] [stdout]   ::: src/io/dispatch.rs:26:1
[INFO] [stdout]    |
[INFO] [stdout] 26 | pub struct Dispatcher
[INFO] [stdout]    | --------------------- method `request_read` not found for this
[INFO] [stdout] 
[INFO] [stdout] 
[INFO] [stdout] error: aborting due to previous error
[INFO] [stdout] 
[INFO] [stdout] 
[INFO] [stdout] For more information about this error, try `rustc --explain E0599`.
[INFO] [stdout] 
[INFO] [stderr] error: build failed
[INFO] running `Command { std: "docker" "inspect" "c25fb5911aa3a0391c1a21f637d397f357db038a12661126168dbff469a63105", kill_on_drop: false }`
[INFO] running `Command { std: "docker" "rm" "-f" "c25fb5911aa3a0391c1a21f637d397f357db038a12661126168dbff469a63105", kill_on_drop: false }`
[INFO] [stdout] c25fb5911aa3a0391c1a21f637d397f357db038a12661126168dbff469a63105
